ided by 83?
0
What is the remainder when 1111 is divided by 161?
145
Calculate the remainder when 729 is divided by 85.
49
Calculate the remainder when 173 is divided by 47.
32
Calculate the remainder when 3244 is divided by 324.
4
Calculate the remainder when 14 is divided by 9.
5
Calculate the remainder when 2583 is divided by 200.
183
What is the remainder when 945 is divided by 13?
9
What is the remainder when 103 is divided by 36?
31
Calculate the remainder when 801 is divided by 115.
111
What is the remainder when 51 is divided by 13?
12
What is the remainder when 733 is divided by 188?
169
Calculate the remainder when 178 is divided by 155.
23
What is the remainder when 836 is divided by 9?
8
Calculate the remainder when 753 is divided by 32.
17
Calculate the remainder when 347 is divided by 12.
11
What is the remainder when 526 is divided by 22?
20
What is the remainder when 464 is divided by 429?
35
Calculate the remainder when 253 is divided by 16.
13
What is the remainder when 764 is divided by 6?
2
Calculate the remainder when 9320 is divided by 14.
10
Calculate the remainder when 122 is divided by 21.
17
Calculate the remainder when 428 is divided by 39.
38
What is the remainder when 548 is divided by 100?
48
What is the remainder when 25 is divided by 22?
3
Calculate the remainder when 19618 is divided by 25.
18
What is the remainder when 119 is divided by 55?
9
Calculate the remainder when 1453 is divided by 27.
22
Calculate the remainder when 296 is divided by 10.
6
What is the remainder when 3881 is divided by 9?
2
Calculate the remainder when 1056 is divided by 198.
66
Calculate the remainder when 40 is divided by 22.
18
What is the remainder when 327 is divided by 232?
95
What is the remainder when 2238 is divided by 56?
54
What is the remainder when 35253 is divided by 226?
223
Calculate the remainder when 151 is divided by 77.
74
Calculate the remainder when 3033 is divided by 41.
40
Calculate the remainder when 40 is divided by 32.
8
Calculate the remainder when 358 is divided by 18.
16
Calculate the remainder when 4471 is divided by 16.
7
Calculate the remainder when 151 is divided by 13.
8
Calculate the remainder when 3129 is divided by 1560.
9
Calculate the remainder when 112 is divided by 40.
32
Calculate the remainder when 2270 is divided by 69.
62
Calculate the remainder when 269 is divided by 10.
9
Calculate the remainder when 1289 is divided by 12.
5
What is the remainder when 160 is divided by 15?
10
What is the remainder when 57 is divided by 2?
1
Calculate the remainder when 102 is divided by 53.
49
What is the remainder when 79 is divided by 4?
3
What is the remainder when 124 is divided by 15?
4
What is the remainder when 187 is divided by 26?
5
Calculate the remainder when 1205 is divided by 312.
269
Calculate the remainder when 117 is divided by 63.
54
Calculate the remainder when 528 is divided by 184.
160
Calculate the remainder when 163 is divided by 9.
1
Calculate the remainder when 1067 is divided by 71.
2
What is the remainder when 108 is divided by 20?
8
What is the remainder when 59 is divided by 21?
17
Calculate the remainder when 297 is divided by 50.
47
Calculate the remainder when 32934 is divided by 23.
21
What is the remainder when 1199 is divided by 18?
11
Calculate the remainder when 670 is divided by 326.
18
What is the remainder when 97 is divided by 26?
19
What is the remainder when 203 is divided by 21?
14
What is the remainder when 151 is divided by 7?
4
What is the remainder when 125 is divided by 42?
41
What is the remainder when 111 is divided by 39?
33
What is the remainder when 683 is divided by 183?
134
Calculate the remainder when 71 is divided by 31.
9
Calculate the remainder when 197 is divided by 34.
27
Calculate the remainder when 450 is divided by 275.
175
Calculate the remainder when 115 is divided by 21.
10
Calculate the remainder when 1541 is divided by 260.
241
Calculate the remainder when 384 is divided by 79.
68
Calculate the remainder when 1379 is divided by 687.
5
What is the remainder when 1005 is divided by 101?
96
Calculate the remainder when 664 is divided by 95.
94
Calculate the remainder when 1823 is divided by 904.
15
Calculate the remainder when 95 is divided by 24.
23
What is the remainder when 500 is divided by 181?
138
Calculate the remainder when 298 is divided by 76.
70
What is the remainder when 1350 is divided by 1332?
18
What is the remainder when 857 is divided by 6?
5
What is the remainder when 683 is divided by 206?
65
What is the remainder when 276 is divided by 267?
9
Calculate the remainder when 370 is divided by 32.
18
Calculate the remainder when 186 is divided by 142.
44
What is the remainder when 492 is divided by 11?
8
Calculate the remainder when 44 is divided by 16.
12
Calculate the remainder when 58 is divided by 12.
10
Calculate the remainder when 3451 is divided by 157.
154
What is the remainder when 758 is divided by 48?
38
What is the remainder when 43030 is divided by 44?
42
What is the remainder when 33107 is divided by 12?
11
What is the remainder when 10581 is divided by 63?
60
What is the remainder when 7099 is divided by 263?
261
What is the remainder when 60 is divided by 8?
4
What is the remainder when 335 is divided by 68?
63
What is the remainder when 283 is divided by 85?
28
Calculate the remainder when 1046 is divided by 28.
10
Calculate the remainder when 608 is divided by 102.
98
What is the remainder when 1030 is divided by 104?
94
What is the remainder when 489 is divided by 3?
0
What is the remainder when 75 is divided by 60?
15
Calculate the remainder when 90 is divided by 7.
6
What is the remainder when 19 is divided by 15?
4
Calculate the remainder when 359 is divided by 123.
113
What is the remainder when 411 is divided by 38?
31
What is the remainder when 287 is divided by 97?
93
What is the remainder when 4975 is divided by 16?
15
What is the remainder when 1176 is divided by 147?
0
What is the remainder when 8599 is divided by 43?
42
Calculate the remainder when 514 is divided by 237.
40
What is the remainder when 2065 is divided by 207?
202
What is the remainder when 2682 is divided by 107?
7
Calculate the remainder when 159 is divided by 35.
19
What is the remainder when 454 is divided by 7?
6
What is the remainder when 196 is divided by 1?
0
Calculate the remainder when 418 is divided by 10.
8
Calculate the remainder when 203 is divided by 39.
8
What is the remainder when 88 is divided by 13?
10
Calculate the remainder when 140 is divided by 43.
11
What is the remainder when 830 is divided by 113?
39
What is the remainder when 561 is divided by 335?
226
Calculate the remainder when 50 is divided by 11.
6
Calculate the remainder when 399 is divided by 80.
79
Calculate the remainder when 2662 is divided by 21.
16
Calculate the remainder when 251 is divided by 14.
13
What is the remainder when 2013 is divided by 42?
39
What is the remainder when 169 is divided by 13?
0
What is the remainder when 4401 is divided by 245?
236
Calculate the remainder when 1077 is divided by 54.
51
Calculate the remainder when 475 is divided by 120.
115
What is the remainder when 2512 is divided by 45?
37
Calculate the remainder when 190 is divided by 22.
14
What is the remainder when 65 is divided by 31?
3
What is the remainder when 356 is divided by 73?
64
What is the remainder when 141 is divided by 29?
25
What is the remainder when 635 is divided by 19?
8
What is the remainder when 139 is divided by 54?
31
Calculate the remainder when 133 is divided by 5.
3
Calculate the remainder when 2919 is divided by 729.
3
Calculate the remainder when 1313 is divided by 107.
29
What is the remainder when 739 is divided by 12?
7
What is the remainder when 7053 is divided by 112?
109
Calculate the remainder when 38 is divided by 25.
13
Calculate the remainder when 856 is divided by 218.
202
Calculate the remainder when 473 is divided by 53.
49
Calculate the remainder when 13891 is divided by 24.
19
What is the remainder when 637 is divided by 171?
124
Calculate the remainder when 3461 is divided by 16.
5
Calculate the remainder when 5157 is divided by 13.
9
Calculate the remainder when 6580 is divided by 15.
10
Calculate the remainder w